t n be o(-17). Let p be (n - i - 2)/(18/(-126)). Give y(p).
0
Let p(l) = 9*l - 11 + 10 - 2 - l**2 - 4. What is p(4)?
13
Let k be ((7 + 0)*(-108)/(-378)*-3)/2. Let o(d) = 2*d**3 + 2*d**2 + 5. Give o(k).
-31
Let p(k) = k**3 + 3*k**2 - 18*k - 6. Suppose 5*c + 2 + 3 = 0. Let g(s) = -6*s**2. Let f be g(c). Let z be p(f). Let n(m) = 4*m + 5. What is n(z)?
-19
Let u(i) = -1142*i - 1135*i + 2303*i - 40. What is u(2)?
12
Let o(v) = 5*v**2 - 9*v + 7. Let x(r) = -11*r**2 + 18*r - 15. Let m(c) = 5*o(c) + 2*x(c). Give m(4).
17
Let u(y) = -y**3 + 6*y**2 + 12*y + 22. Suppose 5*o - 8 = -4*v - 1, -15 = 3*o. Calculate u(v).
-10
Let y(o) = -o**2 + 6*o - 3. Let z(s) = 2*s - 48. Let n(u) = -u + 26. Let w be n(-2). Let m be z(w). Give y(m).
-19
Let d(j) be the third derivative of -j**5/60 + j**4/12 + j**3/2 - 173*j**2. Suppose 9 - 27 = -6*o. Suppose -o*q + 9*q = -12. Determine d(q).
-5
Let g = -540 + 549. Let m(s) = -s**3 - 6*s + 6*s + 0*s**2 + 6 + 2 - 7*s + g*s**2. Calculate m(8).
16
Let i be (-1 + 1)*(-1)/2. Let g be 103/3 + 11/(-33). Let s(n) = -9 + g*n - 1 - 15*n - 18*n. Give s(i).
-10
Let j(i) = i**3 - 4*i**2 - 9*i + 38. Suppose 289 = 11*n + 245. What is j(n)?
2
Let x(i) = 1887 + i**2 + 1914 - 25*i - 3812 + i**3. Give x(5).
14
Let k(l) = l**2 + 6*l + 6. Let j = 576 - 576. Suppose 2*q - i = j, 3*q = 6*q + i. Give k(q).
6
Let u(t) = -10*t**3 + 23*t**2 + 31*t - 12. Let w(i) = -8*i**3 + 26*i**2 + 29*i - 13. Let n(x) = -5*u(x) + 6*w(x). What is n(-20)?
2
Let n(q) be the second derivative of -q**4/12 - 35*q**3/6 - 151*q**2/2 + 4250*q. Determine n(-5).
-1
Let a(z) be the second derivative of -z + 0 + 5/2*z**2 + 1/2*z**3. Let n = 24911 + -24915. What is a(n)?
-7
Let o(j) = -13 + 3 + 4*j - 3*j. Suppose 72 = 4*l - 4*i, 5*l + 2783*i = 2779*i - 27. What is o(l)?
-5
Let r(m) = m**2 - 11*m + 43. Let g be r(19). Let n = 188 - g. Let p(q) = -q**3 - 7*q**2 + 5*q - 1. Calculate p(n).
-36
Let g(m) = 7*m - 4. Let j(b) = 6*b - 5. Let r(h) = -5*g(h) + 6*j(h). Suppose 165*c = 164 - 58 + 884. Determine r(c).
-4
Let k(v) be the second derivative of -v**4/12 - 7*v**3/3 - 4*v**2 - 420*v. What is k(-12)?
16
Let a(g) = 30*g - 1718. Let d be a(57). Let q(c) be the second derivative of -c**5/20 - 7*c**4/12 + 5*c**3/6 - 7*c**2/2 + 6*c. Determine q(d).
17
Let a(n) = -3*n**3 + 5*n**2 - n + 1. Let i = 9172 - 9168. Calculate a(i).
-115
Let m(f) be the second derivative of -f + 7/6*f**3 + 0 + 1/2*f**2. Suppose 99 + 66 = -445*c - 280. Determine m(c).
-6
Let o(d) = 13*d - 167887 - 2*d + 83943 + 83938. What is o(-3)?
-39
Let i(p) = p**3 - p**2 - p + 2. Let s be i(2). Let n(q) = -11*q**2 + 11*q. Let z(w) = 82*w**2 - 80*w - 1. Let b(u) = -15*n(u) - 2*z(u). Give b(s).
-2
Let h(o) = -o - 8. Let u(s) = s - 1. Let p(x) = -h(x) - 3*u(x). Let m(c) = c**3 - 74*c**2 - 152*c + 8. Let a be m(76). Give p(a).
-5
Suppose 40*z - 38*z = 12. Suppose 9*k - z = -15. Let w(j) be the first derivative of -7*j**2/2 - j - 7. Give w(k).
6
Let j = -13 + 16. Suppose 5*r = -j*i - 0 + 22, -4*r = -4*i - 24. Let c(h) = -7*h**3 + 7*h**3 + 1 + 0 + 16*h**3. Give c(i).
-15
Let l(d) = d**2 - 2458 - 6*d**2 + 2494 + 16*d + d**3 - 14*d**2. Give l(18).
0
Suppose -8*t + 56 = -t. Suppose -41 = t*d + 15. Let s(h) = h**3 + 7*h**2 - 2*h - 9. Let x be s(d). Let c(n) = -2*n + 7. Give c(x).
-3
Let t(j) = 3*j - 40. Let s(m) = -5*m + 34. Let z(p) = 2*s(p) + 3*t(p). Determine z(-8).
-44
Suppose -2*k - 12 = 4*v, 0 = v + 7 - 5. Let f be 96/18*3/k. Let d(y) = y - 2. What is d(f)?
-10
Let o = -2 + -4. Let u be o/(-2)*((-12)/(-9))/2. Let b(w) = -44*w**3 - 3*w**2 + 50*w**3 + w + 4*w**u. What is b(-1)?
-6
Let b(j) = -15*j**3 + 10*j**2 + 20*j - 27. Let x(m) = -7*m**3 + 5*m**2 + 10*m - 13. Suppose 107 - 16 = -7*s. Let z(n) = s*x(n) + 6*b(n). Calculate z(6).
-17
Let r(x) = 3*x**2 - 60*x + 111. Let y be r(2). Let a(u) = 4*u**3 - 4*u + 7. Determine a(y).
103
Let g(v) = -59 + 99 + 11*v - 22 + v**2 - 18. Suppose 0 = -i - 4*r - 13, 8*r = i + 3*r - 5. Calculate g(i).
-30
Let u(i) = i + 10. Let g(a) = -4*a + 25. Let s be g(4). Let y be s/12*-8*3/(-9). Suppose y*j + 10 = -10. Calculate u(j).
0
Let z(f) = -27*f**3 + 72*f**2 - 227*f + 135. Let u(m) = 17*m**3 - 48*m**2 + 150*m - 90. Let t(o) = 8*u(o) + 5*z(o). Give t(21).
-3
Let r(q) be the third derivative of -q**6/60 + q**5/12 + q**4/12 + 11*q**3/6 - 112*q**2 - 2*q - 1. Calculate r(3).
8
Let o(v) = 5*v**2 - 30*v + 6. Let j(m) be the first derivative of m**3/3 - 3*m**2 + m - 3. Let x(y) = 11*j(y) - 2*o(y). Let a = -452 - -459. What is x(a)?
6
Let k(o) be the first derivative of -o**3/3 + o**2/2 + 4*o - 790. What is k(-3)?
-8
Let v(q) = 83*q + 733. Let w be v(-9). Let b(k) = -k**3 - 15*k**2 - 13*k + 21. What is b(w)?
7
Let y(g) be the first derivative of -3*g + 1/2*g**2 + 237 + 1/3*g**3. Calculate y(6).
39
Let m(b) be the first derivative of b**2 - 70 - 3*b - b**3 + 1/4*b**4. Determine m(3).
3
Let x(y) be the third derivative of -17*y**4/24 + 197*y**3/6 - 6*y**2 + y + 382. Give x(11).
10
Suppose -4*i + 38 = 3*r, 4*i - 75 = 5*r - 21. Let h(x) = 1 - 7*x - 5*x - x**2 + i*x. Let o = 9 + -8. Determine h(o).
-1
Suppose -11*f + 2*r + 184 = -6*f, -6*r = 4*f - 132. Let q(u) = -u**2 + 39*u - 97. What is q(f)?
11
Let d(r) be the first derivative of -5*r**2/2 - 3*r - 24. Suppose 2713*j = 2694*j - 76. Calculate d(j).
17
Let h(x) = 58*x**3 + 31*x**2 - 192*x - 18. Let m(z) = 9*z**3 + 5*z**2 - 31*z - 3. Let s(o) = 2*h(o) - 13*m(o). Calculate s(3).
6
Let d = 30 + -15. Let l = 11 - d. Let j(k) = -k - 4. Let o(p) = -4. Let v(x) = 3*j(x) - 2*o(x). Give v(l).
8
Let t(k) be the first derivative of -94*k**2 + 2*k + 5*k - 27 + 96*k**2. Give t(-3).
-5
Let t(z) = 10390*z - 10384*z - 2 - 1. What is t(-1)?
-9
Suppose 2*r = 67*f - 68*f + 12, 5*r = f + 16. Let m(y) = y**3 - 6*y**2 + 7*y - 2. Calculate m(r).
-6
Let l(b) be the second derivative of -13 - 1/6*b**3 + 3*b**2 - 2*b. Let j be (0 - 1)/(-1) - 1. What is l(j)?
6
Let k(r) be the third derivative of -108*r**2 + 4/3*r**3 - 1/24*r**4 + 0 + 0*r. What is k(7)?
1
Let f(v) be the first derivative of v**4/4 + v**3/3 - v**2/2 - 6. Let j be 3/(-30) - (-6)/60. Give f(j).
0
Let n(y) = -y**2 + 12*y + 10. Let d(u) = -u**2 + 13*u + 11. Let x(k) = 5*d(k) - 6*n(k). Let s be 2/(-2 + 4)*(-2 + 9). Calculate x(s).
-5
Let n(j) = j**3 - 10*j**2 - 80*j + 671. Let a be n(12). Let f(t) = -3*t**2 + 1. Determine f(a).
-2
Let n(p) = p - 15. Let j = -36666 - -36673. What is n(j)?
-8
Let z(y) = y**3 - 9*y**2 - 5*y + 27. Suppose -x - 5*b - 2 - 34 = 0, -b = 6*x - 45. Give z(x).
-18
Suppose 2*g = -9*d + 11*d + 12, -2 = -3*g - 5*d. Let m(p) be the third derivative of 1/3*p**3 + 0 + 0*p + 1/24*p**g + 7*p**2. Give m(-8).
-6
Let n(g) be the first derivative of -g**2/2 - 6*g - 1. Let f be (60/70)/(6/(-4))*(-140)/(-20). Give n(f).
-2
Let q(z) = -z**2 - 5*z - 1. Let a(j) = -j**2 - 7*j - 2. Suppose 18*o - 72 = 6*o. Let r(g) = o*q(g) - 5*a(g). What is r(8)?
-20
Let p(l) be the second derivative of 2/3*l**3 + 0 + 1/20*l**5 + l + 7/12*l**4 - 7/2*l**2. Suppose -68*v = -404*v - 2016. Calculate p(v).
5
Suppose -b + 3*z - 11 = 0, 0*b - 2*b - 4 = 3*z. Let t(k) = -5 + 204*k**2 - 210*k**2 + 1552*k - k**3 - 1558*k. Determine t(b).
0
Let h(g) = g**2 + 48*g - 381. Suppose -722*k + 812*k = 630. Give h(k).
4
Let t(g) = 4*g**3 + 9*g**2 - 18*g - 45. Let h be t(-2). Let z(x) = -19*x - 99. What is z(h)?
-4
Let h(u) = 6*u - 2*u**2 + 16 + 12*u - 42*u + 11*u. What is h(-7)?
9
Suppose -260 = -38*t + 33*t. Let d(v) = 58 - 205 + v + 53 + 52 + t. What is d(-8)?
2
Let s(x) = -x**3 + 8*x**2 + 28*x - 7. Let h be s(11). Let n = h + 57. Let k(d) = d - 3. Let i(a) = 4. Let z(r) = -3*i(r) - 2*k(r). What is z(n)?
4
Let u = -12478 + 12472. Let x(v) = -58*v - 339. Give x(u).
9
Suppose -2*k + 8 = 2*k. Suppose -4*g + 3*z = -17, 3*g - 40 = 5*z - 41. Let f be (4/g + -1)*k - 5. Let b(q) = -q**2 - 7*q + 6. Calculate b(f).
12
Let i(f) = -f**3 + 4*f**2 + f - 4. Let p = 42 - 33. Let j be (-4)/24*-16*p/6. Let t = 8 - j. Calculate i(t).
0
Let u(t) = 9*t - 22. Let p(a) be the first derivative of 3*a**2 - 24*a - 148. Let x(j) = 4*p(j) - 3*u(j). Calculate x(-10).
0
Suppose 0 = -5*g - 35. Let c(n) = -59*n**3 - 7*n - 9*n**2 + 9 + 88*n**3 - 30*n**3. Calculate c(g).
-40
Suppose 2*y - 4*h = 4*y - 12, -h + 13 = 3*y. Let s(l) = l + 10 + 12 - 10 - 2*l + 0*l. Determine s(y).
8
Let a(f) = 